0/(-575)). Let j = y - 118. Let u(b) = b**2 + 7*b + 9. Give u(j).
3
Let p = -123 + 231. Let v(n) = 2 - n**2 + 9 + 117*n - p*n - 2. Calculate v(9).
9
Let d(f) = 25*f - 1. Suppose 4*g - 2*x + 6 = -8, 0 = -5*g + x - 10. Calculate d(g).
-26
Let f(d) = -159 - 6*d - 2*d + 156 + 5*d. Let x(a) = -2*a - 2. Let p(s) = 3*f(s) - 4*x(s). Suppose -4*y - 12 = -2*v + 6*v, 0 = -y - 3*v + 1. Calculate p(y).
4
Let p(u) = -9*u**2 + 9*u - 19. Let v(d) = -11*d**2 + 10*d - 20. Let k = 54 - 59. Let z(y) = k*v(y) + 6*p(y). Determine z(-7).
7
Let h(c) = -c + 4. Let b be -4 + 5 + -2 + 5 + 2. Let n be (-4)/b - 26/(-3). Calculate h(n).
-4
Let y = 37607 - 37578. Let f(p) = -18*p + 529. Calculate f(y).
7
Let x be (-3)/(6/(-892))*(-15)/(-15). Suppose x - 38 = 12*a. Let c(n) = -a - 3*n**2 - 3*n**2 + 19 + 6*n - n**3 + 22. What is c(-7)?
14
Let a be (-3901)/747 + 3/27*2. Let c(m) = 4*m + 42. Give c(a).
22
Let a(n) = -22*n + 1. Let r = 352 + -328. Suppose 0 = 17*c + 7*c + r. Determine a(c).
23
Let f(q) = q**2 - 1. Let b(i) = -14. Let h(m) = -3. Let s(l) = 2*b(l) - 9*h(l). Let r(j) = f(j) - 2*s(j). Determine r(0).
1
Let g be (-7 - -199)/16 + -10. Let l(k) = -8*k**2 + 3*k + 2. Calculate l(g).
-24
Suppose 430*p - 1414 + 4622 = -2382. Let b(i) = 2*i + 16. Calculate b(p).
-10
Suppose 5*x - x - n = 21, 3*n + 3 = 0. Suppose -h + 54 = 4*f, -4*f - 3 = -x*f + 5*h. Let l(r) = f*r - 14*r - 1 + 4. Give l(5).
-2
Let x(h) = 5 + 1 + 12 + 3*h - 21. What is x(1)?
0
Let n(h) be the third derivative of h**5/30 + h**4/3 - 17*h**3/6 - 672*h**2 - 1. Give n(-5).
-7
Let l(b) = 7*b**2 + 4*b + 11. Let v(g) = -g**2 - g. Let h(s) = l(s) + 6*v(s). Let j(t) be the first derivative of h(t). Suppose -88 + 90 = a. Calculate j(a).
2
Let p(l) = 4*l - 1. Let y(g) be the third derivative of -1/6*g**3 + 0 + 24*g**2 + 0*g + 1/3*g**4. Let w(r) = -5*p(r) + 2*y(r). Give w(5).
-17
Let h = -699 - -703. Let x(f) = -227*f + 453*f - 227*f - h. Determine x(-3).
-1
Let t(r) = 1904373 - 6*r - 952181 - 952192. Let q = 27 + -19. Suppose 0 = 2*m - n + 6, 3*m - 15 = q*m + 2*n. Calculate t(m).
18
Let c(h) = -2784*h - 2780*h - 2788*h + 8348*h + 1 + h**2. Determine c(3).
-2
Let l(d) = -23*d**3 + d**2 - d + 1. Let s be -34*-1*(-2)/(-4). Suppose -9*a - 42 = -7*a - 2*o, 5*a + 75 = -o. Let z = s + a. Determine l(z).
-22
Let d(r) be the second derivative of -r**5/15 - r**4/24 + r**3/6 - 25*r**2 + 2*r - 13. Let h(u) be the first derivative of d(u). Give h(1).
-4
Let f(z) = 2*z + 1. Suppose -24*u + 21*u = 12. Let h be (-12)/(-6) + 5 + u. Suppose -2*l - 3*l = -4*m + 10, -h = l - m. Calculate f(l).
5
Let o(r) = -r**3 - 7*r**2 - 8*r - 5. Let p = -910 + 909. Let c be (p - 30/(-40))*20*1. Calculate o(c).
-15
Let f(q) = 9*q - 4. Let i = -105 - -104. Let u(b) = b - 1. Let d(r) = i*f(r) + 6*u(r). Give d(2).
-8
Suppose 2*v + 0 = 4, -4*v + 141 = x. Let c(h) = 2*h - 137 + x - 4*h. Suppose -n = 3*k + 4, -2*k = 2*n + 3*n + 20. Calculate c(n).
4
Suppose -8*l + 17 + 7 = 0. Let w(d) = -11*d - 18*d + l + 25*d. Give w(3).
-9
Let l be (174/(-6) - -1)/(-9 + 11). Let o(x) = 2*x + 38. What is o(l)?
10
Let a(n) = 4*n - 63. Let x be a(17). Suppose x*f = -z + 14, -z + 4*z = -4*f + 9. Let m(t) = -t - 1. What is m(f)?
-4
Suppose 0 = -0*a + 3*a + 15. Let t(s) be the first derivative of s**4/8 + 7*s**3/6 + 10*s**2 - 10. Let r(x) be the second derivative of t(x). What is r(a)?
-8
Let t be (3/(-15))/(2/(-10)). Let z(v) = v + 2. Let f(i) = -i**3 - 5*i - 21. Let k(n) = t*f(n) + 4*z(n). Let r = 1 + -1. Calculate k(r).
-13
Let n(l) = -l**2 + 7*l + 9. Let a(o) = -o**3 + 6*o**2 + 29*o - 8. Let d be a(9). Let v be 2 + (-21)/(-35)*(d + 0). Determine n(v).
1
Suppose 22778*x - 304 = 22786*x. Let k(s) = s**3 + 40*s**2 + 74*s - 71. Calculate k(x).
5
Let r(y) = -y**2 - 5*y + 1. Let k(u) = -25*u + 30. Let l be k(-7). Let b = l + -211. Give r(b).
-5
Let a(d) = d**3 - 4*d**2 - 7*d + 4. Let i = 25 - -38. Let s be (-12)/21 + 162/i. Suppose l + 23 = 5*p + s*l, 5*p - 17 = -4*l. Determine a(p).
-6
Let o(c) = -7*c + 1. Let b = -573 - -576. Let h(q) = 6*q - 1. Let w(u) = b*h(u) + 2*o(u). Give w(-5).
-21
Let g = -16059 + 16068. Let v(w) be the first derivative of 1/3*w**3 - 8*w - g + 1/2*w**2. Determine v(0).
-8
Let z(k) = -31*k - 434. Let u(v) = -20*v - 283. Let a(h) = -8*u(h) + 5*z(h). Determine a(-24).
-26
Let f be 2 - (-4)/((-16)/(-36)). Let o = 19 - f. Suppose p - 18 = 4*g, 5*p - g = o + 6. Let x(i) = i**3 - i**2 - i - 2. Calculate x(p).
0
Let z(f) = f**2 + 12*f + 8. Let p(o) = -5*o - 14. Let b be (-10)/(10 + -20) + (-2)/1. Let w be p(b). What is z(w)?
-19
Let b(q) = -10*q + 3 + 14*q + 0*q**3 + q**3. Suppose -17*a + 36 = -16*a. Let x = a + -38. Calculate b(x).
-13
Let v(l) = l**2 + 7*l + 5. Let m = -476 + 486. Suppose -4*q = 5*y + 4, -m*y - 2*q = -9*y - 4. Determine v(y).
-7
Let j(l) = -3*l**3 - 8*l**2 - 3*l + 4. Let t(c) = -5*c**3 - 15*c**2 - 5*c + 6. Let h(b) = 7*j(b) - 4*t(b). Suppose 6*s = s + 20. What is h(s)?
0
Let s(r) = -7*r**2 + r - 13. Suppose -14*x - 43*x = 106*x - 652. What is s(x)?
-121
Let i(f) be the third derivative of f**4/6 + 9*f**3/2 + 14*f**2. Let d be i(-6). Let r(a) = -2*a - 7 - d + 19. Determine r(7).
-5
Let f(i) = 3*i**2 - 5*i + 4. Let c be 2/5 + (-4)/((-20)/13). Suppose -4*d + 28 = 5*w, 3*d + 2*w - 2 = c*w. Let l be f(d). Let b(q) = -2*q + 1. Calculate b(l).
-11
Let j be (-4)/(-6) + (-1 - (-1432)/12). Let m = -124 + j. Let r(p) be the third derivative of p**4/24 + 2*p**3/3 - 2*p**2. Determine r(m).
-1
Suppose -107 = -20*r - 307. Let y(c) = c**3 + 11*c**2 + 4*c - 64. Determine y(r).
-4
Let f(m) be the first derivative of m**3/3 - 3*m**2 + 15*m + 4780. Calculate f(9).
42
Let k be (0 + 8 + -3)/(-8 + 9). Let v(t) = 3*t**3 - 2. Let o(b) = -7*b**3 - b**2 - 2*b + 4. Let h(r) = k*v(r) + 2*o(r). Let i = 5 - 1. What is h(i)?
14
Let v = -6260 - -6249. Let t(f) = -f - 14. Give t(v).
-3
Let z(t) = -4*t - 8*t + 6 - 2*t**2 - t**3 - 6*t**2. Suppose 34*h - 36*h + 4 = -p, 5*p + h = -31. Let q be z(p). Let c(w) = -w**2 + 5*w + 7. Give c(q).
1
Let y(h) be the second derivative of -h**4/12 + 4*h**3/3 - h**2 + 5*h. Suppose -10*p = -8*p. Suppose p = 4*c - 3*t - 27, 0 = 3*c - 2*c - 4*t - 10. Give y(c).
10
Let h be (2 + -4)*(-11)/2. Let j(m) = 13 + 0*m**2 + 0*m**2 - h - 7*m**2 + m**3 - 8*m. Let g = -17 + 25. Determine j(g).
2
Let b(j) be the second derivative of -j**4/6 + 2*j**3/3 - 31*j**2/2 - 47*j + 61. Determine b(0).
-31
Let z(g) be the first derivative of -g**2/2 + 742. Let h(u) = 0*u - u**3 - 6 - 5*u**2 + 1 - 7*u. Let y be h(-4). Calculate z(y).
-7
Let n(t) = 1. Let v(x) = -x + 6. Suppose 7 = -6*w + 13. Let s(o) = w*v(o) - 2*n(o). Let c = -45 + 45. Determine s(c).
4
Let u(n) = -4*n + 79. Let d(j) = -4*j + 87. Let p(v) = -5*d(v) + 4*u(v). Calculate p(31).
5
Let c(z) be the second derivative of z**5/20 - 5*z**4/12 + z**3/6 + z**2 + 7*z - 3. Let v(g) = -g + 34. Let b be v(30). Determine c(b).
-10
Let o(l) = -2*l - 70. Let b(f) = 2*f + 140. Let n(r) = 3*b(r) + 5*o(r). Let h be n(16). Let u(w) = -w**2 + 2*w + 8. Determine u(h).
-16
Let q(g) be the third derivative of 5/24*g**4 - 6 - 1/60*g**5 + 0*g - 8*g**2 + 2/3*g**3. Determine q(3).
10
Let j(l) be the third derivative of 5*l**4/8 + 236*l**3/3 + l**2 - 2*l + 1066. What is j(-31)?
7
Let n(d) = 6*d + 13. Let l be n(-3). Let v be l/(-15)*(4 + -1). Let y be 5 + -2 + -11 + v. Let a(b) = b + 7. Calculate a(y).
0
Let d(s) = -54*s + 4. Suppose -73*z = -5*b - 76*z - 8, z = -1. Give d(b).
58
Let x(o) = -13*o + 10*o**3 + 8*o**2 + 10 - 11*o**3 + 7*o**2 + 3*o**2 - 7*o**2. Determine x(9).
55
Let j(k) = k**2 - k - 3. Let f(y) be the third derivative of -y**5/15 + y**4/8 + 13*y**3/6 + y**2 - 6. Let q(i) = -4*f(i) - 18*j(i). Give q(5).
-18
Let u = 28 - 20. Let h(w) = 8 - 5529*w**2 + 11094*w**2 - 5564*w**2 - 10*w. What is h(u)?
-8
Suppose -116*a + 119*a - 3*y = -6, -2*a - 2*y = -8. Let m(j) = -14*j**2 + 5*j + 2. What is m(a)?
-7
Let x(p) = -4*p**2 - 15*p + 151. Let m(l) = -2*l**2 - 7*l + 75. Let k(b) = -5*m(b) + 3*x(b). Let r(a) be the first derivative of k(a). What is r(-10)?
30
Let a(o) = 21*o - 6*o**2 + 1 - 21*o**3 - 26*o + o**2 + 12*o**3 + 10*o**3. Give a(6).
7
Let z(m) = 4 - 9*m**2 + 7*m + m**3 + 0 - 3. Let p be -11 - ((-4 - -3) + 4). Let u be (21/p)/((-3)/16). What is z(u)?
-7
Let t = -44 + 46. Let c(n) = -852*n**t - 6 - 2*n + 10*n + 851*n**2. Su